 - 38 = -d*v. What is the remainder when v is divided by 10?
8
Let s = -31 - -78. Suppose 0 = -2*a - 4*b + 6, 15 + 0 = 5*b. Calculate the remainder when s is divided by a/9 + 98/6.
15
Suppose a = -3*a - 8, 2*a = h - 128. What is the remainder when h is divided by 25?
24
Let d = 2 + 3. Let v(w) = -2*w - 2. Let s be v(-3). Calculate the remainder when ((-6)/9)/(s/(-78)) is divided by d.
3
Let c(z) = z**2 + 5*z - 11. Let a be c(-10). Suppose -2*k + 5*k = a. Calculate the remainder when 38 is divided by k.
12
Let k(c) = -c**3 - 3*c**2 + 2. Let b be k(-3). Let r = 4 - b. Suppose -r*u + 52 = 2*u. What is the remainder when 24 is divided by u?
11
Let w = 104 - 62. Calculate the remainder when w is divided by 15.
12
Let g(t) = -t**2 - 13*t + 14. Suppose -3*l = -2*f + 5 - 37, -3*l + 45 = -3*f. Calculate the remainder when 27 is divided by g(f).
13
Let m be (5 - 4)/((-2)/(-2)). Let o = m + 4. Suppose 3*p + 60 = 4*x + p, -2*p = o*x - 75. Calculate the remainder when x is divided by 8.
7
Suppose -28 = -4*p + 16. Calculate the remainder when 35 is divided by 202/22 - 2/p.
8
Let r = 42 - 19. Let c = r - 13. Suppose -v - 12 = 3*v, 3*v + 47 = 2*f. What is the remainder when f is divided by c?
9
Let c(k) = k**3 - 3*k**2 - 7*k + 9. Calculate the remainder when 69 is divided by c(5).
21
Let m(o) = o**2 - 9*o + 6. Let d be m(9). Suppose 6*h - 24 = 3*h. What is the remainder when h is divided by d/(5 + -3) - -2?
3
Let q = -85 + 171. Suppose 0 = -6*p + q + 124. Calculate the remainder when p is divided by 9.
8
Let x be (5 - 1) + (-4)/2. Suppose -x = -3*a + 4. Let o = -1 + a. What is the remainder when 1 is divided by o?
0
Suppose -5*b + 7*b = 12. Let m be (-2)/(-7) - (-37)/(-7). Let n = b - m. What is the remainder when 31 is divided by n?
9
Let h(w) = -4*w**2 + 5*w - 4. Suppose 0 = 5*t - 2*t - 9. Let p be h(t). Calculate the remainder when -1 - -2 - (p + 1) is divided by 9.
7
What is the remainder when -6 + 2 + 10 - 2 is divided by 2?
0
Suppose -3*o = 2*w - w - 36, 26 = o + 5*w. Let a(r) = -4*r + 36. Let v(u) = -u + 1. Let m(s) = a(s) - 5*v(s). Calculate the remainder when m(0) is divided by o.
9
Let b(g) = 12*g**2 + g - 1. Let s be (9/(-15))/((-1)/5). Suppose 4*r - s*h = 71, -4*r + 69 = -4*h + 3*h. What is the remainder when b(2) is divided by r?
15
Suppose 0 = 3*a - 4*p - 20 - 75, 0 = 2*a - 4*p - 70. Suppose 0 = -s - 4*x + 14, a = 4*x + x. Calculate the remainder when (-522)/(-13) + s/39 is divided by 14.
12
Suppose 0 = -4*w - 4*b - 4, -b - 4 = b. Let v(p) = -3*p - 1. Let f(j) = -j. Let u(s) = w*v(s) - 2*f(s). What is the remainder when 5 is divided by u(-3)?
1
Suppose 2*h = 9 + 11. Suppose 2*i - h = 2*x, -2*x + 5 = 3*i - 2*i. What is the remainder when 13 is divided by i?
3
Suppose -5*f = 5*r - 2*f - 302, 0 = -3*r - f + 182. Calculate the remainder when r is divided by 2 - (3 + -1 + (-126)/6).
19
Suppose 2*f - 13 = f. Calculate the remainder when 49 is divided by f.
10
Suppose 3*z + 6*z = 189. Suppose -21 = j - 103. Calculate the remainder when j is divided by z.
19
Let y be (-1)/3 + (-258)/(-18). What is the remainder when (-4)/y - 321/(-21) is divided by 8?
7
Let j(y) = -y + 6. Let o be j(0). Let r = o - 10. What is the remainder when 12 + r - 3*-1 is divided by 6?
5
Suppose -o - 20 = 3*a, -2 + 1 = -o. Let j(t) = -2*t + 4. What is the remainder when j(-5) is divided by 2 - 2/2 - a?
6
Suppose 2*i - 210 = -5*k, -5*k + 3*k = -2*i - 70. Suppose -20 = -2*q - 2*j, 4*q - j - 39 = -6*j. What is the remainder when k is divided by q?
7
Calculate the remainder when 2 - (-2 - -6 - 30) is divided by 10.
8
Suppose 0*w + v - 11 = -2*w, -10 = -3*w + 5*v. What is the remainder when w is divided by (-1*(0 + -2))/((-3)/(-6))?
1
Let h(m) be the first derivative of m**3 + 2*m**2 - 7*m + 1. What is the remainder when h(-5) is divided by 25?
23
Suppose -18 = 5*q + 5*m - 233, -4*q - 5*m + 174 = 0. What is the remainder when q is divided by 11?
8
Let u(y) = 2*y**2 + 1. Let f = -7 + 15. Calculate the remainder when f is divided by u(1).
2
What is the remainder when (-5 + 4)/(1 - (-120)/(-118)) is divided by 20?
19
Let k be 19 + -3*4/(-6). Suppose -k + 6 = -5*z. Let d(t) = -5*t**3 + t**2 + 2*t + 1. Calculate the remainder when d(-1) is divided by z.
2
Let q(w) = 5*w - 8. What is the remainder when q(5) is divided by 9?
8
Let d(t) = -2 + 0*t + t + 1. Suppose 5*m = 2*y + 39, 5*m + 4*y - 39 = 2*m. Calculate the remainder when d(m) is divided by 5.
3
Let k be 3/(1/((-78)/(-9))). Suppose 0*p + 2*p - k = 0. Calculate the remainder when p is divided by 8.
5
Let p(r) = 0*r - 5 + r + 4. Let l be p(-5). Let w = 10 + l. What is the remainder when 6 is divided by w?
2
Let g = -10 - -25. Let a(r) = 0*r + 4 + 0*r - 5*r. What is the remainder when a(-8) is divided by g?
14
Suppose 4*j = -4*h + 12, 7 - 19 = -4*j + 3*h. Calculate the remainder when 34 is divided by j.
1
Suppose -2*x - 5*s + 245 = 0, -4*x + 0*x + 3*s + 451 = 0. What is the remainder when x is divided by 40?
35
Let x(t) be the third derivative of -t**5/60 - t**4/3 - 2*t**3/3 + t**2. What is the remainder when 20 is divided by x(-5)?
9
Suppose 39 = j + 3*x, -12 = 5*j - x - 159. What is the remainder when 58 is divided by j?
28
Suppose -b + 6 = -3. Calculate the remainder when b is divided by 4.
1
Let d = 60 - 7. Calculate the remainder when d is divided by 27.
26
Suppose 0 = -4*w + w + 117. What is the remainder when w is divided by 14?
11
Let s(w) = 0*w**2 + 2 + 3 - w**3 - 4*w**2. Calculate the remainder when s(-5) is divided by 8.
6
Let s(q) = -21*q**3 + q**2 - q - 1. Calculate the remainder when s(-2) is divided by 58.
57
Let u(b) = b**2 + b + 62. Let z = 57 + -36. What is the remainder when u(0) is divided by z?
20
Let t = -19 + 34. What is the remainder when 59 is divided by t?
14
Let f(m) = 10*m - 12. Calculate the remainder when 75 is divided by f(5).
37
What is the remainder when ((-18)/(-7))/((-3)/(-21)) is divided by 5?
3
Suppose 6*y = 2*y + 12. Suppose y*k = 49 + 8. What is the remainder when 56 is divided by k?
18
Suppose z = 3*z. Suppose z = b - 3*b + 56. What is the remainder when b is divided by (-2)/5*(-25)/1?
8
Let m be 106 + 3 - (-3 + 0). Suppose 0 = g - v - 22, -4*g + 5*v + m = 19. Calculate the remainder when 67 is divided by g.
16
Suppose -r = 5 - 15. Suppose 5*a - 5 = -0. Let k(z) = 16*z**3 + z**2. What is the remainder when k(a) is divided by r?
7
Suppose -g - 1 = -4*w + 3*w, -11 = -5*w + 2*g. Suppose w*t + 33 = 6*t. Suppose -5*x + 4 = 4*u, 0*x + 2*x = -8. Calculate the remainder when t is divided by u.
5
Suppose -3*g + 341 = 5*k, g + g + 331 = 5*k. What is the remainder when k is divided by 35?
32
Calculate the remainder when (1/(-2))/(6 + 100/(-16)) is divided by 2.
0
Let b be (-3)/1 - (-4)/(-4). Let x(r) = 5*r**2 - 4*r - 2. What is the remainder when x(b) is divided by 24?
22
Suppose -2*k = 2*k - 12. Calculate the remainder when 23 is divided by k.
2
Suppose -c - 2*c + 18 = 0. Suppose 0 = -c*j + 3*j + 9. Suppose 4*r - 35 + j = 0. Calculate the remainder when 23 is divided by r.
7
Suppose 2*g - 26 = -0*i - i, -3*i + 86 = 2*g. What is the remainder when i is divided by 11?
8
Suppose 3*j - 9*d + 6*d - 147 = 0, -161 = -4*j - 3*d. What is the remainder when j is divided by 13?
5
Let z = -21 - -41. Suppose 0 = k - 6*k + z. Suppose 3*u + l = 13, -20 = 4*l - 0*l. Calculate the remainder when u is divided by k.
2
Let y = 7 - -39. Let g(o) = -5*o**2 + 48*o - 3. What is the remainder when y is divided by g(9)?
22
Let l(a) = -a**2 + 7*a + 8. What is the remainder when l(7) is divided by ((-8 - -1) + 2)*-1?
3
Let m(c) be the second derivative of -c**5/10 - 5*c**4/12 - c**3/2 - c**2 + c. Suppose a = 21 - 24. Calculate the remainder when 31 is divided by m(a).
15
Suppose n - 7 = -c, n + 2*c + 26 = 4*n. Calculate the remainder when 30 is divided by n.
6
Let w(f) = f**2 + 6*f + 11. Calculate the remainder when 33 is divided by w(-7).
15
Let t be (-21)/3 + 3 + -2. Let s = -5 - t. Calculate the remainder when 3 is divided by s.
0
Suppose 402 = 3*y - 0*y. What is the remainder when 23 is divided by y/10 + (-4)/10?
10
Let g = 5 + 8. What is the remainder when g is divided by 4?
1
Let t = 227 + -118. What is the remainder when t is divided by 28?
25
Calculate the remainder when ((-208)/6)/4*18/(-4) is divided by 11.
6
Suppose x +